{"id":2601,"date":"2025-03-22T00:04:58","date_gmt":"2025-03-22T00:04:58","guid":{"rendered":"https:\/\/24hdinamica.com\/dinamica\/?post_type=product&#038;p=2601"},"modified":"2026-05-06T12:51:35","modified_gmt":"2026-05-06T12:51:35","slug":"cautin-de-temperatura-ajustable-110v-220v-60w","status":"publish","type":"product","link":"https:\/\/24hdinamica.com\/dinamica\/producto\/cautin-de-temperatura-ajustable-110v-220v-60w\/","title":{"rendered":"Caut\u00edn de temperatura ajustable, 110V\/220V, 60W"},"content":{"rendered":"<p>1.Soldador con control de temperatura ajustable: 200-450\u00b0C.<br \/>\nSoldador de 2,60 W de potencia, la temperatura se puede ajustar seg\u00fan sea necesario mediante la perilla del soldador electr\u00f3nico.<br \/>\n3.El material mejorado resistente al calor y el dise\u00f1o de soldador en el tubo de acero con cuatro orificios de ventilaci\u00f3n facilitan un enfriamiento r\u00e1pido.<br \/>\n4.Absorbedor de esta\u00f1o: tubo de vac\u00edo de alta presi\u00f3n con marco de cuerpo de aluminio, ideal para eliminar la soldadura de las juntas de soldadura de orificios pasantes de PCB.<br \/>\n5.Las mejores ideas de regalos del bricolaje, todo tipo de tableros electr\u00f3nicos y de chips, soldadura, joyer\u00eda, guitarras, relojes, cables, dispositivos m\u00f3viles, hardware inform\u00e1tico, uso de reparaci\u00f3n de peque\u00f1os trabajos electr\u00f3nicos.<\/p>\n<p>Par\u00e1metros:<br \/>\nNombre del producto: kit de soldadura de soldador de 60W<br \/>\nVoltaje de funcionamiento: 110V\/220V<br \/>\nPotencia: 20W-60W<br \/>\nRango de temperatura: 200\u2103 ~ 450\u2103<br \/>\nSoporte soldado: acero inoxidable<br \/>\nPotencia de salida: 60W<br \/>\nVoltaje de entrada: 110V\/220V<br \/>\nEspecificaciones: regulaciones europeas, regulaciones americanas.<br \/>\nColor: blanco, negro<\/p>\n<p>El paquete incluye:<br \/>\n1 soldador el\u00e9ctrico de temperatura ajustable, 110V\/220V 60W, soldador de esta\u00f1o profesional, herramienta de reparaci\u00f3n de soldadura con l\u00e1piz t\u00e9rmico<\/p>\n<p>C\u00f3mo soldar:<br \/>\n1, prepare la mesa de soldadura LDK y el soldador; Mantenga la punta de hierro limpia, libre de \u00f3xidos y carburos, y aplique esta\u00f1o a la superficie de la placa de acero, especialmente por primera vez.<br \/>\n2, cuando est\u00e9 lo suficientemente fresco como para estar seguro, col\u00f3quelo en el soporte<\/p>\n<p>Nota:<br \/>\nDebido a la medici\u00f3n manual, permita un error de 0-1 cm.<br \/>\nDebido a las diferencias entre diferentes monitores, es posible que la imagen no refleje el color real del producto.<\/p>\n<p><img decoding=\"async\" class=\"img-responsive lazyload\" data-src=\"https:\/\/ae01.alicdn.com\/kf\/S6bb0be9b436e42c9890e9f626d894d5dK.jpg\" src=\"data:image\/gif;base64,R0lGODlhAQABAAAAACH5BAEKAAEALAAAAAABAAEAAAICTAEAOw==\" \/><img decoding=\"async\" class=\"img-responsive lazyload\" data-src=\"https:\/\/ae01.alicdn.com\/kf\/Sbc5b50d7a67746e686697b677784e6720.jpg\" src=\"data:image\/gif;base64,R0lGODlhAQABAAAAACH5BAEKAAEALAAAAAABAAEAAAICTAEAOw==\" \/><img decoding=\"async\" class=\"img-responsive lazyload\" data-src=\"https:\/\/ae01.alicdn.com\/kf\/S6ee884d098d34377b437b028d2191017r.jpg\" src=\"data:image\/gif;base64,R0lGODlhAQABAAAAACH5BAEKAAEALAAAAAABAAEAAAICTAEAOw==\" \/><\/p>\n","protected":false},"excerpt":{"rendered":"<p>1.Soldador con control de temperatura ajustable: 200-450\u00b0C. Soldador de 2,60 W de potencia, la temperatura se puede ajustar seg\u00fan sea [&hellip;]<\/p>\n","protected":false},"featured_media":2612,"template":"","meta":{"_acf_changed":false,"site-sidebar-layout":"default","site-content-layout":"","ast-site-content-layout":"default","site-content-style":"default","site-sidebar-style":"default","ast-global-header-display":"","ast-banner-title-visibility":"","ast-main-header-display":"","ast-hfb-above-header-display":"","ast-hfb-below-header-display":"","ast-hfb-mobile-header-display":"","site-post-title":"","ast-breadcrumbs-content":"","ast-featured-img":"","footer-sml-layout":"","ast-disable-related-posts":"","theme-transparent-header-meta":"","adv-header-id-meta":"","stick-header-meta":"","header-above-stick-meta":"","header-main-stick-meta":"","header-below-stick-meta":"","astra-migrate-meta-layouts":"default","ast-page-background-enabled":"default","ast-page-background-meta":{"desktop":{"background-color":"var(--ast-global-color-5)","background-image":"","background-repeat":"repeat","background-position":"center center","background-size":"auto","background-attachment":"scroll","background-type":"","background-media":"","overlay-type":"","overlay-color":"","overlay-opacity":"","overlay-gradient":""},"tablet":{"background-color":"","background-image":"","background-repeat":"repeat","background-position":"center center","background-size":"auto","background-attachment":"scroll","background-type":"","background-media":"","overlay-type":"","overlay-color":"","overlay-opacity":"","overlay-gradient":""},"mobile":{"background-color":"","background-image":"","background-repeat":"repeat","background-position":"center center","background-size":"auto","background-attachment":"scroll","background-type":"","background-media":"","overlay-type":"","overlay-color":"","overlay-opacity":"","overlay-gradient":""}},"ast-content-background-meta":{"desktop":{"background-color":"var(--ast-global-color-4)","background-image":"","background-repeat":"repeat","background-position":"center center","background-size":"auto","background-attachment":"scroll","background-type":"","background-media":"","overlay-type":"","overlay-color":"","overlay-opacity":"","overlay-gradient":""},"tablet":{"background-color":"var(--ast-global-color-4)","background-image":"","background-repeat":"repeat","background-position":"center center","background-size":"auto","background-attachment":"scroll","background-type":"","background-media":"","overlay-type":"","overlay-color":"","overlay-opacity":"","overlay-gradient":""},"mobile":{"background-color":"var(--ast-global-color-4)","background-image":"","background-repeat":"repeat","background-position":"center center","background-size":"auto","background-attachment":"scroll","background-type":"","background-media":"","overlay-type":"","overlay-color":"","overlay-opacity":"","overlay-gradient":""}}},"product_brand":[],"product_cat":[203,202,15],"product_tag":[],"class_list":{"0":"post-2601","1":"product","2":"type-product","3":"status-publish","4":"has-post-thumbnail","6":"product_cat-electronica-y-electricidad","7":"product_cat-electronica-y-electricidad-herramientas-y-materiales","8":"product_cat-uncategorized","9":"pa_color-black-eu-plug","10":"pa_color-black-us-plug","11":"pa_color-white-eu-plug","12":"pa_color-white-us-plug","13":"desktop-align-left","14":"tablet-align-left","15":"mobile-align-left","17":"first","18":"instock","19":"shipping-taxable","20":"purchasable","21":"product-type-variable"},"acf":[],"_links":{"self":[{"href":"https:\/\/24hdinamica.com\/dinamica\/wp-json\/wp\/v2\/product\/2601","targetHints":{"allow":["GET"]}}],"collection":[{"href":"https:\/\/24hdinamica.com\/dinamica\/wp-json\/wp\/v2\/product"}],"about":[{"href":"https:\/\/24hdinamica.com\/dinamica\/wp-json\/wp\/v2\/types\/product"}],"wp:featuredmedia":[{"embeddable":true,"href":"https:\/\/24hdinamica.com\/dinamica\/wp-json\/wp\/v2\/media\/2612"}],"wp:attachment":[{"href":"https:\/\/24hdinamica.com\/dinamica\/wp-json\/wp\/v2\/media?parent=2601"}],"wp:term":[{"taxonomy":"product_brand","embeddable":true,"href":"https:\/\/24hdinamica.com\/dinamica\/wp-json\/wp\/v2\/product_brand?post=2601"},{"taxonomy":"product_cat","embeddable":true,"href":"https:\/\/24hdinamica.com\/dinamica\/wp-json\/wp\/v2\/product_cat?post=2601"},{"taxonomy":"product_tag","embeddable":true,"href":"https:\/\/24hdinamica.com\/dinamica\/wp-json\/wp\/v2\/product_tag?post=2601"}],"curies":[{"name":"wp","href":"https:\/\/api.w.org\/{rel}","templated":true}]}}